) = l**3 + 9*l**2 + 10*l + 95. Give s(-9).
5
Let u(t) = 45*t + 297. Give u(-6).
27
Let u(i) = 114*i**2 - 337*i - 9. Give u(3).
6
Let v(p) = -27*p + 212. Determine v(10).
-58
Let x(m) = m**3 - 14*m**2 - 61*m + 1083. Determine x(11).
49
Let r(y) = 3*y**2 + 7*y - 18. Calculate r(-7).
80
Let t(l) = 42*l + 18. What is t(-1)?
-24
Let d(f) = -f**2 - 21*f - 174. Give d(-27).
-336
Let z(b) = b**3 - 16*b**2 - 142*b + 60. Calculate z(22).
-160
Let m(x) = -3*x**2 - 51*x + 108. Give m(2).
-6
Let j(g) = -2*g**3 - 13*g**2 - 5*g + 25. What is j(-6)?
19
Let o(v) = -4*v**2 - 3*v + 22. Determine o(-3).
-5
Let q(a) = -2*a + 16. Determine q(16).
-16
Let w(t) = -96*t + 149. Give w(6).
-427
Let b(v) = -18*v**2 - 332*v + 1013. What is b(3)?
-145
Let o(f) = -387*f - 1546. Determine o(-4).
2
Let m(x) = 29*x - 985. Give m(27).
-202
Let c(v) = -9*v**2 - 25*v - 161. Determine c(-4).
-205
Let o(v) = 18*v + 1701. What is o(-96)?
-27
Let o(l) = 8*l**2 + 18*l - 18. Calculate o(4).
182
Let u(y) = 69*y - 168. What is u(5)?
177
Let b(x) = 5*x**3 + 51*x**2 - 27*x - 37. Determine b(-11).
-224
Let u(a) = 174*a**2 - 5. What is u(1)?
169
Let c(h) = h**3 - 15*h**2 + 23*h + 18. Give c(14).
144
Let m(a) = -a**2 + 11*a - 29. What is m(5)?
1
Let o(q) = 1007*q + 1920. Calculate o(-2).
-94
Let d(c) = -c**3 + 12*c - 22. Calculate d(5).
-87
Let d(m) = -5*m**3 - 40*m**2 - 35*m + 6. Give d(-7).
6
Let q(k) = 4*k**3 - 18*k**2 - 21*k + 68. Determine q(5).
13
Let k(u) = -379*u - 3041. What is k(-8)?
-9
Let t(v) = -3*v**3 - 72*v**2 - 130*v + 60. What is t(-22)?
16
Let h(q) = 44*q - 7. Give h(1).
37
Let k(n) = 31*n + 432. Calculate k(-14).
-2
Let b(w) = w**3 - 19*w**2 - 14*w - 143. Give b(20).
-23
Let w(d) = -2*d**2 + 29*d + 191. Give w(-5).
-4
Let o(f) = -924*f + 931. What is o(1)?
7
Let c(q) = q**3 - 89*q**2 + 130*q - 3706. What is c(88)?
-10
Let n(z) = z**2 - 44*z + 727. Give n(29).
292
Let y(b) = -b**3 - 13*b**2 - 4*b - 97. Give y(-13).
-45
Let n(a) = 90*a + 2262. Give n(-25).
12
Let y(a) = 1850*a + 98046. Give y(-53).
-4
Let n(f) = 7*f**2 - 1024*f - 1024. What is n(-1)?
7
Let b(i) = -i**3 + 16*i**2 - 19*i + 9. Calculate b(15).
-51
Let f(l) = -340*l + 215. Determine f(-1).
555
Let z(t) = 2*t**2 - 24*t - 1273. Give z(32).
7
Let r(k) = -k**2 - 84*k - 469. Determine r(-6).
-1
Let k(p) = p**3 + 55*p**2 + 64*p + 300. Give k(-54).
-240
Let w(i) = -47*i + 156. Calculate w(5).
-79
Let q(s) = -s**3 + 76*s**2 + 586*s - 405. Calculate q(83).
10
Let g(n) = -n**3 + 2*n**2 - 310*n + 2411. Determine g(7).
-4
Let t(p) = p**2 - 65*p + 671. Give t(47).
-175
Let l(w) = -69*w + 726. Give l(14).
-240
Let p(x) = -x**3 - 51*x**2 - 247*x - 235. Determine p(-4).
1
Let o(s) = s**3 + 34*s**2 + 257*s - 131. Give o(-22).
23
Let j(f) = -3*f**2 - 108*f + 153. What is j(-38)?
-75
Let n(m) = 4*m**3 - 33*m**2 + 24*m + 180. Calculate n(6).
0
Let v(g) = -4*g**3 + 46*g**2 + 14*g - 426. Determine v(11).
-30
Let p(k) = k**3 + 5*k**2 + 20*k + 41. Calculate p(-4).
-23
Let w(t) = -t**3 + 60*t**2 + 191*t + 2. Give w(-3).
-4
Let f(m) = 21*m - 552. Determine f(17).
-195
Let t(a) = 2*a**3 + 22*a**2 - 240*a + 35. What is t(-19)?
-1181
Let s(a) = 4*a**2 + 283*a + 4977. Calculate s(-38).
-1
Let o(q) = -2*q**3 - 66*q**2 - 3*q - 96. Determine o(-33).
3
Let h(v) = -v**3 - 26*v**2 + 80*v - 216. Give h(-29).
-13
Let c(g) = 50*g**3 - 302*g**2 + 7*g + 21. Determine c(6).
-9
Let l(p) = -p**3 - 12*p**2 - 20*p - 41. Give l(-11).
58
Let v(z) = z**2 - 26*z - 967. Give v(47).
20
Let x(b) = 45*b**2 + 16*b + 25. What is x(-4)?
681
Let g(f) = -47*f + 36. Calculate g(4).
-152
Let m(u) = -u**3 + 3*u**2 + 7*u - 24. Calculate m(2).
-6
Let b(v) = -9*v**2 + 7*v + 8. Give b(-3).
-94
Let k(o) = -2150*o - 6457. Calculate k(-3).
-7
Let h(j) = -j**3 + 10*j**2 - 22*j + 100. What is h(6)?
112
Let k(t) = -11*t**3 + 56*t**2 - 25*t + 96. Calculate k(5).
-4
Let i(d) = 415*d - 105001. Determine i(253).
-6
Let k(i) = -i**2 + 87*i + 136858. What is k(416)?
-6
Let l(r) = -3*r**3 - 3*r**2 - 369*r + 739. Calculate l(2).
-35
Let h(t) = t**3 - 21*t**2 - 332*t + 7040. Determine h(20).
0
Let x(l) = 3*l**3 + 13*l**2 + 39*l + 38. What is x(-2)?
-12
Let m(h) = 6*h - 15. What is m(12)?
57
Let p(x) = 19*x**2 - 570*x + 3. Calculate p(30).
3
Let c(k) = -38*k - 976. What is c(-33)?
278
Let i(w) = 129*w + 805. Calculate i(-6).
31
Let z(h) = 9*h**2 - 756*h - 3066. What is z(-4)?
102
Let g(r) = -34*r - 1097. What is g(-32)?
-9
Let u(b) = -b**2 + 21*b - 130. Give u(13).
-26
Let u(v) = -20*v + 1792. What is u(93)?
-68
Let k(w) = -86*w + 1127. Give k(18).
-421
Let j(u) = -63*u - 63. Determine j(-1).
0
Let t(b) = -71*b - 1060. Determine t(-16).
76
Let l(f) = -17*f**3 - 15*f**2 + 66*f + 2. Determine l(3).
-394
Let s(n) = -2*n**3 + 2*n**2 + 57*n + 20. Give s(-5).
35
Let b(l) = l**3 - 12*l**2 - 9*l + 114. Give b(7).
-194
Let q(y) = -y**3 + 15*y**2 + 22*y + 36. Calculate q(16).
132
Let d(r) = r**3 - r**2 - 64*r + 194. Calculate d(6).
-10
Let m(q) = q**3 - 33*q**2 - 105*q - 164. Determine m(36).
-56
Let g(o) = 3463*o - 3448. What is g(1)?
15
Let y(f) = -12*f**3 + 2*f**2 - 27*f - 29. Give y(-1).
12
Let c(a) = a**2 - 72*a - 3886. Determine c(-36).
2
Let s(o) = o**3 - 29*o**2 + 82*o - 108. What is s(26)?
-4
Let c(d) = -d**3 + 22*d**2 + 12*d - 265. Give c(22).
-1
Let a(s) = -s**3 + 88*s**2 + 45*s + 3946. Calculate a(89).
30
Let o(m) = m**3 + 34*m**2 + 59*m - 84. Determine o(-32).
76
Let d(i) = -i**2 + 49*i + 377. Determine d(53).
165
Let v(h) = 311*h - 2887. Calculate v(9).
-88
Let t(m) = -m**3 + 69*m**2 - 264*m + 259. What is t(65)?
-1
Let o(f) = 72*f + 277. Give o(-4).
-11
Let a(t) = t**3 + 8*t**2 + 361*t + 3308. Give a(-9).
-22
Let v(u) = 26*u - 640. Give v(7).
-458
Let f(k) = -72*k + 383. Calculate f(-5).
743
Let a(y) = -19*y**2 + 1391*y - 376. Determine a(73).
-84
Let z(d) = -2*d**3 - 6*d**2 + 12*d + 10. Calculate z(4).
-166
Let v(z) = -z**3 + 19*z**2 + 33*z - 606. Calculate v(19).
21
Let f(q) = 2*q**3 + 156*q**2 + 158*q + 299. What is f(-77)?
-9
Let p(q) = q**3 + 19*q**2 + 14*q - 21. What is p(-18)?
51
Let z(d) = 56*d + 815. What is z(14)?
1599
Let d(p) = -86*p + 6. Give d(0).
6
Let o(q) = 27*q - 3089. Determine o(114).
-11
Let g(b) = -b**3 + 16*b**2 + 338*b - 5426. Determine g(18).
10
Let v(u) = -196*u - 9832. Determine v(-50).
-32
Let u(y) = -6*y**2 - 9*y + 25. What is u(-7)?
-206
Let d(l) = 4*l**2 + 25*l - 57. Determine d(5).
168
Let n(j) = -340*j - 6111. Give n(-18).
9
Let u(a) = a**2 - 55*a - 19. Determine u(51).
-223
Let b(d) = -17*d - 173. Give b(-9).
-20
Let t(o) = -o**3 + 15*o**2 - o - 52. Give t(14).
130
Let k(o) = -o**2 + 9*o - 38. Give k(5).
-18
Let z(h) = 6*h**2 + 6*h - 8. Calculate z(-5).
112
Let q(s) = -93*s - 311. Determine q(-3).
-32
Let g(p) = p**3 - 21*p**2 + 10*p + 211. Calculate g(20).
11
Let w(z) = -z**3 - 26*z**2 + 34*z + 1458. Calculate w(-25).
-17
Let s(t) = t**2 - t + 39. Determine s(5).
59
Let m(j) = -1330*j - 13295. What is m(-10)?
5
Let f(n) = -n**2 - 24*n - 71. Calculate f(-24).
-71
Let c(j) = -11*j - 678. Give c(-80).
202
Let w(i) = -8*i**3 - 23*i**2 - 41*i - 1. Give w(-2).
53
Let v(l) = 3*l**3 + 9*l**2 + 9*l + 8. Give v(-2).
2
Let v(z) = -z**2 + 105*z - 209. Determine v(2).
-3
Let z(u) = 51*u - 960. Determine z(16).
-144
Let q(m) = -3*m**2 + 122*m + 20. Calculate q(41).
-21
Let a(b) = -b**3 + 93*b**2 + 189*b + 91. What is a(95)?
-4
Let f(o) = 13*o**2 + 7*o + 774. Calculate f(0).
774
Let o(r) = -6*r**2 - 55*r - 339. What is o(-9)?
-330
Let f(a) = -15*a**2 + 622*a + 43. Give f(42).
-293
Let j(n) = -29*n**2 + 14*n + 50. Give j(-3).
-253
Let x(c) = 3*c**2 + 397*c - 395. Calculate x(1).
5
Let d(b) = -44*b + 733. Calculate d(16).
29
Let m(s) = 6*s + 382. Determine m(-51).
76
Let z(p) = 1751*p + 7002. Give z(-4).
-2
Let w(g) = -g**3 - 73*g**2 + 386*g - 333. Determine w(-78).
-21
Let b(z) = z**3 + 11*z**2 - 12*z - 9. Calculate b(-5).
201
Let g(h) = 30*h + 178. Determine g(-1).
148
Let v(l) = l**2 + 26*l - 106. Determine v(-20).
-226
Let y(x) = x**3 - 19*x**2 - 72*x. What is y(-4)?
-80
Let o(q) = 203*q + 432. What is o(-2)?
26
Let i(w) = -81*w - 186. Give i(-2).
-24
Let p(x) = 25*x + 16. Calculate p(-4).
-84
Let r(g) = 29*g**3 - 233*g**2 + 22*g - 112. Determine r(8).
0
Let a(b) = 1692*b - 27075. Give a(16).
-3
Let h(k) = k**3 + 80*k**2 + 1536*k + 2. What is h(-48)?
2
Let q(n) 